{"id":49,"date":"2020-03-31T17:30:59","date_gmt":"2020-03-31T15:30:59","guid":{"rendered":"http:\/\/www.valerie-philippin.com\/valwp\/?page_id=49"},"modified":"2024-09-09T16:45:01","modified_gmt":"2024-09-09T14:45:01","slug":"partenaires","status":"publish","type":"page","link":"https:\/\/www.valerie-philippin.com\/site\/partenaires\/","title":{"rendered":"FabLab \/ Partenaires"},"content":{"rendered":"\n<p><strong>EN NOUVELLE AQUITAINE<\/strong><br><br>Le SCRIME &#8211; Studio de Cr\u00e9ation et de Recherche en Informatique et Musiques Exp\u00e9rimentales (Talence)<br><a href=\"https:\/\/www.legaragemoderne.org\/\">Garage Moderne <\/a>(Bordeaux quartier Maritime)<br>Rocher de Palmer (Cenon)<br>DITEP d\u2019Eysines (Gironde)<br>Festival Entre-2-R\u00eaves (Entre-deux-Mers)<br>La CALI (communaut\u00e9 d&rsquo;agglom\u00e9ration du Libournais) &#8211; l&rsquo;Art de Grandir<br>Municipalit\u00e9 de Bordeaux<br>Maison du D\u00e9partement des Solidarit\u00e9s &#8211; M\u00e9rignac<br>Municipalit\u00e9 d&rsquo;Eysines (Gironde)<br>Conservatoire de Bordeaux<br>Festival Multipiste des \u00e9ditions Le Bleu du Ciel (Libourne)<br>Permanence de la Litt\u00e9rature (Libourne)<br>Festival Ritournelles (Bordeaux)<\/p>\n\n\n\n<p><strong>AU PLAN NATIONAL<\/strong><\/p>\n\n\n\n<p>Ircam (Paris)<br>Th\u00e9\u00e2tre la Barcarolle (Saint-Omer)<br>Festival d&rsquo;Automne \u00e0 Paris<br>Festival Sid\u00e9ration de l\u2019Observatoire de l\u2019Espace (Paris)<br>P\u00f4le d\u2019Enseignement Sup\u00e9rieur de Musique et de Danse de Lille<br>Compagnie Eolie Songe (Lille)<br>Compagnie d\u2019Un instant \u00e0 l\u2019autre (C\u00f4te d\u2019Or)<br>Les rencontres contemporaines (Lyon)<br>6 conservatoires de Paris Est Ensemble <br>Conservatoire de Vincennes (Ile-de-France)<br>Conservatoire de Bobigny (Ile-de-France)<br>Conservatoire de Livry-Gargan (Ile-de-France)<br>Conservatoire de Besan\u00e7on<br>Conservatoire de Pontivy<br>Conservatoire de Cholet (Maine et Loire)<br>Conservatoire de Saint-Omer (Pas-de-Calais)<\/p>\n","protected":false},"excerpt":{"rendered":"<p>EN NOUVELLE AQUITAINE Le SCRIME &#8211; Studio de Cr\u00e9ation et de Recherche en Informatique et Musiques Exp\u00e9rimentales (Talence)Garage Moderne (Bordeaux quartier Maritime)Rocher de Palmer (Cenon)DITEP&hellip;<\/p>\n","protected":false},"author":1,"featured_media":0,"parent":0,"menu_order":0,"comment_status":"closed","ping_status":"closed","template":"","meta":{"footnotes":""},"class_list":["post-49","page","type-page","status-publish","hentry"],"yoast_head":"<!-- This site is optimized with the Yoast SEO plugin v27.5 - https:\/\/yoast.com\/product\/yoast-seo-wordpress\/ -->\n<title>% FabLab \/ Partenaires &#8226; Val\u00e9rie Philippin \/ Cie Territoires de la voix<\/title>\n<meta name=\"robots\" content=\"index, follow, max-snippet:-1, max-image-preview:large, max-video-preview:-1\" \/>\n<link rel=\"canonical\" href=\"https:\/\/www.valerie-philippin.com\/site\/partenaires\/\" \/>\n<meta property=\"og:locale\" content=\"fr_FR\" \/>\n<meta property=\"og:type\" content=\"article\" \/>\n<meta property=\"og:title\" content=\"% FabLab \/ Partenaires &#8226; Val\u00e9rie Philippin \/ Cie Territoires de la voix\" \/>\n<meta property=\"og:description\" content=\"EN NOUVELLE AQUITAINE Le SCRIME &#8211; Studio de Cr\u00e9ation et de Recherche en Informatique et Musiques Exp\u00e9rimentales (Talence)Garage Moderne (Bordeaux quartier Maritime)Rocher de Palmer (Cenon)DITEP&hellip;\" \/>\n<meta property=\"og:url\" content=\"https:\/\/www.valerie-philippin.com\/site\/partenaires\/\" \/>\n<meta property=\"og:site_name\" content=\"Val\u00e9rie Philippin \/ Cie Territoires de la voix\" \/>\n<meta property=\"article:modified_time\" content=\"2024-09-09T14:45:01+00:00\" \/>\n<meta property=\"og:image\" content=\"https:\/\/www.valerie-philippin.com\/site\/wp-content\/uploads\/2020\/04\/copyr-Jean-Radel-04-11-copie.jpg\" \/>\n\t<meta property=\"og:image:width\" content=\"2509\" \/>\n\t<meta property=\"og:image:height\" content=\"2338\" \/>\n\t<meta property=\"og:image:type\" content=\"image\/jpeg\" \/>\n<meta name=\"twitter:card\" content=\"summary_large_image\" \/>\n<meta name=\"twitter:label1\" content=\"Dur\u00e9e de lecture estim\u00e9e\" \/>\n\t<meta name=\"twitter:data1\" content=\"1 minute\" \/>\n<script type=\"application\/ld+json\" class=\"yoast-schema-graph\">{\"@context\":\"https:\\\/\\\/schema.org\",\"@graph\":[{\"@type\":\"WebPage\",\"@id\":\"https:\\\/\\\/www.valerie-philippin.com\\\/site\\\/partenaires\\\/\",\"url\":\"https:\\\/\\\/www.valerie-philippin.com\\\/site\\\/partenaires\\\/\",\"name\":\"% FabLab \\\/ Partenaires &#8226; Val\u00e9rie Philippin \\\/ Cie Territoires de la voix\",\"isPartOf\":{\"@id\":\"https:\\\/\\\/www.valerie-philippin.com\\\/site\\\/#website\"},\"datePublished\":\"2020-03-31T15:30:59+00:00\",\"dateModified\":\"2024-09-09T14:45:01+00:00\",\"breadcrumb\":{\"@id\":\"https:\\\/\\\/www.valerie-philippin.com\\\/site\\\/partenaires\\\/#breadcrumb\"},\"inLanguage\":\"fr-FR\",\"potentialAction\":[{\"@type\":\"ReadAction\",\"target\":[\"https:\\\/\\\/www.valerie-philippin.com\\\/site\\\/partenaires\\\/\"]}]},{\"@type\":\"BreadcrumbList\",\"@id\":\"https:\\\/\\\/www.valerie-philippin.com\\\/site\\\/partenaires\\\/#breadcrumb\",\"itemListElement\":[{\"@type\":\"ListItem\",\"position\":1,\"name\":\"Accueil\",\"item\":\"https:\\\/\\\/www.valerie-philippin.com\\\/site\\\/\"},{\"@type\":\"ListItem\",\"position\":2,\"name\":\"FabLab \\\/ Partenaires\"}]},{\"@type\":\"WebSite\",\"@id\":\"https:\\\/\\\/www.valerie-philippin.com\\\/site\\\/#website\",\"url\":\"https:\\\/\\\/www.valerie-philippin.com\\\/site\\\/\",\"name\":\"Val\u00e9rie Philippin \\\/ Cie Territoires de la voix\",\"description\":\"FaBLab de cr\u00e9ation vocale contemporaine\",\"publisher\":{\"@id\":\"https:\\\/\\\/www.valerie-philippin.com\\\/site\\\/#organization\"},\"potentialAction\":[{\"@type\":\"SearchAction\",\"target\":{\"@type\":\"EntryPoint\",\"urlTemplate\":\"https:\\\/\\\/www.valerie-philippin.com\\\/site\\\/?s={search_term_string}\"},\"query-input\":{\"@type\":\"PropertyValueSpecification\",\"valueRequired\":true,\"valueName\":\"search_term_string\"}}],\"inLanguage\":\"fr-FR\"},{\"@type\":\"Organization\",\"@id\":\"https:\\\/\\\/www.valerie-philippin.com\\\/site\\\/#organization\",\"name\":\"Territoires de la voix\",\"url\":\"https:\\\/\\\/www.valerie-philippin.com\\\/site\\\/\",\"logo\":{\"@type\":\"ImageObject\",\"inLanguage\":\"fr-FR\",\"@id\":\"https:\\\/\\\/www.valerie-philippin.com\\\/site\\\/#\\\/schema\\\/logo\\\/image\\\/\",\"url\":\"http:\\\/\\\/www.valerie-philippin.com\\\/site\\\/wp-content\\\/uploads\\\/2020\\\/06\\\/logoterritoiresdelavoix.png\",\"contentUrl\":\"http:\\\/\\\/www.valerie-philippin.com\\\/site\\\/wp-content\\\/uploads\\\/2020\\\/06\\\/logoterritoiresdelavoix.png\",\"width\":500,\"height\":537,\"caption\":\"Territoires de la voix\"},\"image\":{\"@id\":\"https:\\\/\\\/www.valerie-philippin.com\\\/site\\\/#\\\/schema\\\/logo\\\/image\\\/\"}}]}<\/script>\n<!-- \/ Yoast SEO plugin. -->","yoast_head_json":{"title":"% FabLab \/ Partenaires &#8226; Val\u00e9rie Philippin \/ Cie Territoires de la voix","robots":{"index":"index","follow":"follow","max-snippet":"max-snippet:-1","max-image-preview":"max-image-preview:large","max-video-preview":"max-video-preview:-1"},"canonical":"https:\/\/www.valerie-philippin.com\/site\/partenaires\/","og_locale":"fr_FR","og_type":"article","og_title":"% FabLab \/ Partenaires &#8226; Val\u00e9rie Philippin \/ Cie Territoires de la voix","og_description":"EN NOUVELLE AQUITAINE Le SCRIME &#8211; Studio de Cr\u00e9ation et de Recherche en Informatique et Musiques Exp\u00e9rimentales (Talence)Garage Moderne (Bordeaux quartier Maritime)Rocher de Palmer (Cenon)DITEP&hellip;","og_url":"https:\/\/www.valerie-philippin.com\/site\/partenaires\/","og_site_name":"Val\u00e9rie Philippin \/ Cie Territoires de la voix","article_modified_time":"2024-09-09T14:45:01+00:00","og_image":[{"width":2509,"height":2338,"url":"https:\/\/www.valerie-philippin.com\/site\/wp-content\/uploads\/2020\/04\/copyr-Jean-Radel-04-11-copie.jpg","type":"image\/jpeg"}],"twitter_card":"summary_large_image","twitter_misc":{"Dur\u00e9e de lecture estim\u00e9e":"1 minute"},"schema":{"@context":"https:\/\/schema.org","@graph":[{"@type":"WebPage","@id":"https:\/\/www.valerie-philippin.com\/site\/partenaires\/","url":"https:\/\/www.valerie-philippin.com\/site\/partenaires\/","name":"% FabLab \/ Partenaires &#8226; Val\u00e9rie Philippin \/ Cie Territoires de la voix","isPartOf":{"@id":"https:\/\/www.valerie-philippin.com\/site\/#website"},"datePublished":"2020-03-31T15:30:59+00:00","dateModified":"2024-09-09T14:45:01+00:00","breadcrumb":{"@id":"https:\/\/www.valerie-philippin.com\/site\/partenaires\/#breadcrumb"},"inLanguage":"fr-FR","potentialAction":[{"@type":"ReadAction","target":["https:\/\/www.valerie-philippin.com\/site\/partenaires\/"]}]},{"@type":"BreadcrumbList","@id":"https:\/\/www.valerie-philippin.com\/site\/partenaires\/#breadcrumb","itemListElement":[{"@type":"ListItem","position":1,"name":"Accueil","item":"https:\/\/www.valerie-philippin.com\/site\/"},{"@type":"ListItem","position":2,"name":"FabLab \/ Partenaires"}]},{"@type":"WebSite","@id":"https:\/\/www.valerie-philippin.com\/site\/#website","url":"https:\/\/www.valerie-philippin.com\/site\/","name":"Val\u00e9rie Philippin \/ Cie Territoires de la voix","description":"FaBLab de cr\u00e9ation vocale contemporaine","publisher":{"@id":"https:\/\/www.valerie-philippin.com\/site\/#organization"},"potentialAction":[{"@type":"SearchAction","target":{"@type":"EntryPoint","urlTemplate":"https:\/\/www.valerie-philippin.com\/site\/?s={search_term_string}"},"query-input":{"@type":"PropertyValueSpecification","valueRequired":true,"valueName":"search_term_string"}}],"inLanguage":"fr-FR"},{"@type":"Organization","@id":"https:\/\/www.valerie-philippin.com\/site\/#organization","name":"Territoires de la voix","url":"https:\/\/www.valerie-philippin.com\/site\/","logo":{"@type":"ImageObject","inLanguage":"fr-FR","@id":"https:\/\/www.valerie-philippin.com\/site\/#\/schema\/logo\/image\/","url":"http:\/\/www.valerie-philippin.com\/site\/wp-content\/uploads\/2020\/06\/logoterritoiresdelavoix.png","contentUrl":"http:\/\/www.valerie-philippin.com\/site\/wp-content\/uploads\/2020\/06\/logoterritoiresdelavoix.png","width":500,"height":537,"caption":"Territoires de la voix"},"image":{"@id":"https:\/\/www.valerie-philippin.com\/site\/#\/schema\/logo\/image\/"}}]}},"_links":{"self":[{"href":"https:\/\/www.valerie-philippin.com\/site\/wp-json\/wp\/v2\/pages\/49","targetHints":{"allow":["GET"]}}],"collection":[{"href":"https:\/\/www.valerie-philippin.com\/site\/wp-json\/wp\/v2\/pages"}],"about":[{"href":"https:\/\/www.valerie-philippin.com\/site\/wp-json\/wp\/v2\/types\/page"}],"author":[{"embeddable":true,"href":"https:\/\/www.valerie-philippin.com\/site\/wp-json\/wp\/v2\/users\/1"}],"replies":[{"embeddable":true,"href":"https:\/\/www.valerie-philippin.com\/site\/wp-json\/wp\/v2\/comments?post=49"}],"version-history":[{"count":15,"href":"https:\/\/www.valerie-philippin.com\/site\/wp-json\/wp\/v2\/pages\/49\/revisions"}],"predecessor-version":[{"id":5477,"href":"https:\/\/www.valerie-philippin.com\/site\/wp-json\/wp\/v2\/pages\/49\/revisions\/5477"}],"wp:attachment":[{"href":"https:\/\/www.valerie-philippin.com\/site\/wp-json\/wp\/v2\/media?parent=49"}],"curies":[{"name":"wp","href":"https:\/\/api.w.org\/{rel}","templated":true}]}}

<p><strong>EN NOUVELLE AQUITAINE</strong><br><br>Le SCRIME &#8211; Studio de Création et de Recherche en Informatique et Musiques Expérimentales (Talence)<br><a href="https://www.legaragemoderne.org/">Garage Moderne </a>(Bordeaux quartier Maritime)<br>Rocher de Palmer (Cenon)<br>DITEP d’Eysines (Gironde)<br>Festival Entre-2-Rêves (Entre-deux-Mers)<br>La CALI (communauté d&rsquo;agglomération du Libournais) &#8211; l&rsquo;Art de Grandir<br>Municipalité de Bordeaux<br>Maison du Département des Solidarités &#8211; Mérignac<br>Municipalité d&rsquo;Eysines (Gironde)<br>Conservatoire de Bordeaux<br>Festival Multipiste des éditions Le Bleu du Ciel (Libourne)<br>Permanence de la Littérature (Libourne)<br>Festival Ritournelles (Bordeaux)</p>



<p><strong>AU PLAN NATIONAL</strong></p>



<p>Ircam (Paris)<br>Théâtre la Barcarolle (Saint-Omer)<br>Festival d&rsquo;Automne à Paris<br>Festival Sidération de l’Observatoire de l’Espace (Paris)<br>Pôle d’Enseignement Supérieur de Musique et de Danse de Lille<br>Compagnie Eolie Songe (Lille)<br>Compagnie d’Un instant à l’autre (Côte d’Or)<br>Les rencontres contemporaines (Lyon)<br>6 conservatoires de Paris Est Ensemble <br>Conservatoire de Vincennes (Ile-de-France)<br>Conservatoire de Bobigny (Ile-de-France)<br>Conservatoire de Livry-Gargan (Ile-de-France)<br>Conservatoire de Besançon<br>Conservatoire de Pontivy<br>Conservatoire de Cholet (Maine et Loire)<br>Conservatoire de Saint-Omer (Pas-de-Calais)</p>

<p>EN NOUVELLE AQUITAINE Le SCRIME &#8211; Studio de Création et de Recherche en Informatique et Musiques Expérimentales (Talence)Garage Moderne (Bordeaux quartier Maritime)Rocher de Palmer (Cenon)DITEP&hellip;</p>

<!-- This site is optimized with the Yoast SEO plugin v27.5 - https://yoast.com/product/yoast-seo-wordpress/ -->
<title>% FabLab / Partenaires &#8226; Valérie Philippin / Cie Territoires de la voix</title>
<meta name="robots" content="index, follow, max-snippet:-1, max-image-preview:large, max-video-preview:-1" />
<link rel="canonical" href="https://www.valerie-philippin.com/site/partenaires/" />
<meta property="og:locale" content="fr_FR" />
<meta property="og:type" content="article" />
<meta property="og:title" content="% FabLab / Partenaires &#8226; Valérie Philippin / Cie Territoires de la voix" />
<meta property="og:description" content="EN NOUVELLE AQUITAINE Le SCRIME &#8211; Studio de Création et de Recherche en Informatique et Musiques Expérimentales (Talence)Garage Moderne (Bordeaux quartier Maritime)Rocher de Palmer (Cenon)DITEP&hellip;" />
<meta property="og:url" content="https://www.valerie-philippin.com/site/partenaires/" />
<meta property="og:site_name" content="Valérie Philippin / Cie Territoires de la voix" />
<meta property="article:modified_time" content="2024-09-09T14:45:01+00:00" />
<meta property="og:image" content="https://www.valerie-philippin.com/site/wp-content/uploads/2020/04/copyr-Jean-Radel-04-11-copie.jpg" />
	<meta property="og:image:width" content="2509" />
	<meta property="og:image:height" content="2338" />
	<meta property="og:image:type" content="image/jpeg" />
<meta name="twitter:card" content="summary_large_image" />
<meta name="twitter:label1" content="Durée de lecture estimée" />
	<meta name="twitter:data1" content="1 minute" />
<script type="application/ld+json" class="yoast-schema-graph">{"@context":"https:\/\/schema.org","@graph":[{"@type":"WebPage","@id":"https:\/\/www.valerie-philippin.com\/site\/partenaires\/","url":"https:\/\/www.valerie-philippin.com\/site\/partenaires\/","name":"% FabLab \/ Partenaires &#8226; Valérie Philippin \/ Cie Territoires de la voix","isPartOf":{"@id":"https:\/\/www.valerie-philippin.com\/site\/#website"},"datePublished":"2020-03-31T15:30:59+00:00","dateModified":"2024-09-09T14:45:01+00:00","breadcrumb":{"@id":"https:\/\/www.valerie-philippin.com\/site\/partenaires\/#breadcrumb"},"inLanguage":"fr-FR","potentialAction":[{"@type":"ReadAction","target":["https:\/\/www.valerie-philippin.com\/site\/partenaires\/"]}]},{"@type":"BreadcrumbList","@id":"https:\/\/www.valerie-philippin.com\/site\/partenaires\/#breadcrumb","itemListElement":[{"@type":"ListItem","position":1,"name":"Accueil","item":"https:\/\/www.valerie-philippin.com\/site\/"},{"@type":"ListItem","position":2,"name":"FabLab \/ Partenaires"}]},{"@type":"WebSite","@id":"https:\/\/www.valerie-philippin.com\/site\/#website","url":"https:\/\/www.valerie-philippin.com\/site\/","name":"Valérie Philippin \/ Cie Territoires de la voix","description":"FaBLab de création vocale contemporaine","publisher":{"@id":"https:\/\/www.valerie-philippin.com\/site\/#organization"},"potentialAction":[{"@type":"SearchAction","target":{"@type":"EntryPoint","urlTemplate":"https:\/\/www.valerie-philippin.com\/site\/?s={search_term_string}"},"query-input":{"@type":"PropertyValueSpecification","valueRequired":true,"valueName":"search_term_string"}}],"inLanguage":"fr-FR"},{"@type":"Organization","@id":"https:\/\/www.valerie-philippin.com\/site\/#organization","name":"Territoires de la voix","url":"https:\/\/www.valerie-philippin.com\/site\/","logo":{"@type":"ImageObject","inLanguage":"fr-FR","@id":"https:\/\/www.valerie-philippin.com\/site\/#\/schema\/logo\/image\/","url":"http:\/\/www.valerie-philippin.com\/site\/wp-content\/uploads\/2020\/06\/logoterritoiresdelavoix.png","contentUrl":"http:\/\/www.valerie-philippin.com\/site\/wp-content\/uploads\/2020\/06\/logoterritoiresdelavoix.png","width":500,"height":537,"caption":"Territoires de la voix"},"image":{"@id":"https:\/\/www.valerie-philippin.com\/site\/#\/schema\/logo\/image\/"}}]}</script>
<!-- / Yoast SEO plugin. -->

% FabLab / Partenaires &#8226; Valérie Philippin / Cie Territoires de la voix

EN NOUVELLE AQUITAINE Le SCRIME &#8211; Studio de Création et de Recherche en Informatique et Musiques Expérimentales (Talence)Garage Moderne (Bordeaux quartier Maritime)Rocher de Palmer (Cenon)DITEP&hellip;

Valérie Philippin / Cie Territoires de la voix

FaBLab de création vocale contemporaine
