{"id":4449,"date":"2024-01-04T13:38:40","date_gmt":"2024-01-04T12:38:40","guid":{"rendered":"http:\/\/www.valerie-philippin.com\/site\/?page_id=4449"},"modified":"2025-01-02T12:02:09","modified_gmt":"2025-01-02T11:02:09","slug":"valerie-philippin","status":"publish","type":"page","link":"https:\/\/www.valerie-philippin.com\/site\/valerie-philippin\/","title":{"rendered":"Val\u00e9rie Philippin"},"content":{"rendered":"\n<div class=\"wp-block-columns is-layout-flex wp-container-core-columns-is-layout-9d6595d7 wp-block-columns-is-layout-flex\">\n<div class=\"wp-block-column is-layout-flow wp-block-column-is-layout-flow\">\n<p class=\"has-small-font-size\"><strong>Val\u00e9rie Philippin, artiste lyrique, autrice, compositrice et p\u00e9dagogue, directrice artistique<\/strong> d<strong>e la Cie Territoires de la voix<\/strong><br><br>      Form\u00e9e \u00e0 la danse, au th\u00e9\u00e2tre puis au chant lyrique, M\u00e9daille d\u2019or \u00e0 l\u2019unanimit\u00e9 du Conservatoire de Boulogne-Billancourt en 1986, laur\u00e9ate  du Prix d&rsquo;interpr\u00e9tation de m\u00e9lodie fran\u00e7aise de la Fondation Charle Oulmont en 1987, elle re\u00e7oit la m\u00eame ann\u00e9e une bourse de la Direction de la Musique pour se perfectionner en Italie \u00e0 l&rsquo;\u00e9cole d&rsquo;Art Lyrique de Castel Franco. Egalement dipl\u00f4m\u00e9e en p\u00e9dagogie de l\u2019enseignement musical de l\u2019\u00e9cole d\u2019Art Martenot et du Centre d\u2019Etudes Polyphoniques d\u2019Ile-de-France, elle se sp\u00e9cialise en musique contemporaine \u00e0 la Fondation Royaumont puis au Centre Acanthes en 1989.<br><br>       Artiste lyrique, elle privil\u00e9gie le r\u00e9pertoire du XXe si\u00e8cle \u00e0 aujourd\u2019hui et a contribu\u00e9 \u00e0 la cr\u00e9ation de nombreuses pi\u00e8ces de concert et de th\u00e9\u00e2tre musical en partenariat avec de grands ensembles fran\u00e7ais et \u00e9trangers, l\u2019Ircam, l\u2019Ensemble Intercontemporain. Elle s&rsquo;est produite sous la direction de Pierre-Andr\u00e9 Valade, Baldur Br\u00f6nnimann, Susanna M\u00e4lkki, Peter Rundel, Jean Deroyer, Philippe Nahon, Jean-Micha\u00ebl Lavoie, des metteurs et metteuses en sc\u00e8ne Ludovic Lagarde, Thierry B\u00e9dard, Fr\u00e9d\u00e9ric Fisbach, Caroline Gautier, Jean Boillot, Thierry Poquet, des chor\u00e9graphes Laurence Saboye, Fran\u00e7ois Raffinot, Christian Trouillas, Rosalind Crisp.<br><br>      Autrice, compositrice, ses cr\u00e9ations ont \u00e9t\u00e9 notamment distingu\u00e9es par la M\u00e9daille d\u2019Or de la Biennale d\u2019Art Moderne d\u2019Alexandrie pour <em>Entre-temps<\/em> et <em>Passe-temps<\/em> cr\u00e9ations pour voix enregistr\u00e9es et photographie avec des \u00e9tudiants des \u00e9coles des Beaux-Arts d\u2019Alexandrie et Paris, Mus\u00e9e d\u2019Alexandrie et du Caire &#8211; 1997 ; la Fondation Beaumarchais pour <em>Les Affabrucations machinelles du Docteur Onns<\/em> th\u00e9\u00e2tre musical cr\u00e9\u00e9 avec les \u00e9tudiants du CFMI d\u2019Orsay &#8211; 2000 ; le Prix Coupleux-Lassalle pour <em>Un virgule 2 en partant du centre<\/em> cr\u00e9ation pour voix et sculpture avec la plasticienne V\u00e9ronique Verstraete, festival Format Raisins &#8211; 2015. <br>En 2010 elle compose et met en sc\u00e8ne <em>Cela fait-il du bruit,<\/em>\u00a0 th\u00e9\u00e2tre musical pour ch\u0153ur amateur d\u2019apr\u00e8s la po\u00e9sie de Patrick Dubost produit par ART-BFC &#8211; Dijon et en 2012 <em>Terra Nostra<\/em>, spectacle musical pour enfants, voix lyrique et violoncelle cr\u00e9\u00e9 au Quartz de Brest et film\u00e9 par la documentariste Jenny Keguiner. <br>Les ensembles vocaux Le Miroir (Paris) et Stella Montis (Bordeaux) lui ont command\u00e9 des oeuvres vocales.<br>En 2024 le GMEM de Marseille lui commande <em>Donn&rsquo;Sienne danse l&rsquo;ac<\/em>, pi\u00e8ce pour voix et piano cr\u00e9\u00e9e par Donatienne Michel-Dansac et Vincent Leterme \u00e0 l&rsquo;Op\u00e9ra de Marseille.<br>En 2025 le choeur Spirito (Lyon) cr\u00e9e <em>Stella Matutina<\/em> pour 16 voix mixtes.<br><br>      Improvisatrice, elle s\u2019est produite en duo avec Nicolas Crosse (contrebasse), Wilfried Wendling \u00a0(\u00e9lectronique), S\u00e9verine Ballon (violoncelle), Claudia Solal (voix), Sylvain Kassap (clarinette) et a particip\u00e9 \u00e0 plusieurs reprises \u00e0 l\u2019\u00e9mission d\u2019Anne Montaron \u00ab\u00a0A l\u2019Improviste\u00a0\u00bb sur France Musique.<\/p>\n\n\n\n<p style=\"font-size:13px\">      De 1995 \u00e0 2012 elle a \u00e9t\u00e9 directrice artistique de Singuli\u00e8re Compagnie &#8211; la voix et les arts de la sc\u00e8ne, et de l\u2019ensemble instrumental Kiosk avec lequel elle a enregistr\u00e9 le CD-DVD <em>\u00c0 Port\u00e9e de Voix<\/em> sur des \u0153uvres de Georges Aperghis, prim\u00e9 en 2011 par le Grand Prix de l\u2019Acad\u00e9mie Charles Cros. En r\u00e9sidence en 2002 \u00e0 Mains d\u2019\u0153uvres (Saint-Ouen), elle a con\u00e7u le solo <em>En abyme<\/em> pour chant, danse et vid\u00e9o sur  la pi\u00e8ce pour voix seule <em>Je br\u00fble dit-elle un jour \u00e0 un camarade<\/em> de Philippe Leroux.<\/p>\n<\/div>\n\n\n\n<div class=\"wp-block-column is-layout-flow wp-block-column-is-layout-flow\"><div class=\"wp-block-image is-resized is-style-rounded\">\n<figure class=\"aligncenter size-full\"><img loading=\"lazy\" decoding=\"async\" width=\"400\" height=\"515\" src=\"http:\/\/www.valerie-philippin.com\/site\/wp-content\/uploads\/portait-Valphi-1.jpg\" alt=\"\" class=\"wp-image-3435\" srcset=\"https:\/\/www.valerie-philippin.com\/site\/wp-content\/uploads\/portait-Valphi-1.jpg 400w, https:\/\/www.valerie-philippin.com\/site\/wp-content\/uploads\/portait-Valphi-1-388x500.jpg 388w\" sizes=\"auto, (max-width: 400px) 100vw, 400px\" \/><\/figure>\n<\/div>\n\n\n<p style=\"font-size:13px\">    En 2019 elle a fond\u00e9 \u00e0 Bordeaux la compagnie Territoires de la Voix.<br><br>      En 2020-22 elle est invit\u00e9e en r\u00e9sidence de composition au conservatoire de Bordeaux, o\u00f9 soixante \u00e9l\u00e8ves, enfants, adolescents et jeunes adultes cr\u00e9ent les\u00a0 pi\u00e8ces de son cycle <em>Kit-Musique<\/em> au Mus\u00e9e Mer Marine et en d\u00e9ambulation dans Bordeaux.<br><br>      En 2023-24 elle est invit\u00e9e par l&rsquo;IRCAM en tant qu&rsquo;autrice, compositrice et chanteuse pour une r\u00e9sidence en compagnie du compositeur Mikhail Malt, afin de d\u00e9velopper le logiciel d&rsquo;improvisation Somax2 sur un projet de cr\u00e9ation intitul\u00e9e <em>En Labyrinthe<\/em>. Le projet se poursuit en r\u00e9sidence au SCRIME (Talence) en octobre 2024, avec une restitution \u00e0 la MECA-ALCA de Bordeaux pour le festival Multipiste.<br><br>      Tr\u00e8s engag\u00e9e dans la transmission aupr\u00e8s des chanteurs, instrumentistes, danseurs et com\u00e9diens, elle a donn\u00e9 des ateliers et master classes en France et \u00e0 l\u2019\u00e9tranger notamment pour le R\u00e9seau Europ\u00e9en des Acad\u00e9mies d\u2019Op\u00e9ra, le Cursus de composition et l\u2019Acad\u00e9mie du festival Manifeste \u00e0 l&rsquo;IRCAM, les P\u00f4les d\u2019Enseignement Sup\u00e9rieur de Musique de Bourgogne, d\u2019Aquitaine et de Seine-Saint-Denis, l\u2019\u00e9cole Sup\u00e9rieure Nationale des Arts de la Marionnette, l\u2019EBABX- \u00e9cole des Beaux-Arts de Bordeaux.<br>Elle enseigne depuis 2020 aupr\u00e8s de \u00e9l\u00e8ves des \u00e9coles sup\u00e9rieures du TNB &#8211; Th\u00e9\u00e2tre Nationale de Bretagne \u00e0 Rennes et du TNBA &#8211; Th\u00e9\u00e2tre Bordeaux Aquitaine \u00e0 Bordeaux. \u00c9galement sensible \u00e0 la pratique amateure, l\u2019atelier qu\u2019elle a men\u00e9 avec un groupe vocal  interg\u00e9n\u00e9rationnel \u00e0 Eysines de 2018 \u00e0 2020 a \u00e9t\u00e9 le sujet du film documentaire <em>Chanter \u00e0 tout prix<\/em>\u00a0diffus\u00e9 en d\u00e9cembre 2020 sur France 3 R\u00e9gion Nouvelle-Aquitaine.<br><br>      Autrice d\u2019articles et d\u2019ouvrages sur la voix, elle a publi\u00e9 aux \u00e9ditions Sym\u00e9trie <em>La voix soliste contemporaine, rep\u00e8res, technique et r\u00e9pertoire<\/em> (2017), fruit de dix ans de recherches sur les \u00e9critures vocales contemporaine et leur transmission, <em>Le corps chantant \u2013 anatomie et technique vocale<\/em> (2018), le poster p\u00e9dagogique <em>Compositrices et compositeurs dans l&rsquo;histoire de la musique de tradition \u00e9crite occidentale<\/em> (2022) et le recueil de partitions <em>Kit-Musique<\/em> (2024).<\/p>\n<\/div>\n<\/div>\n","protected":false},"excerpt":{"rendered":"<p>Val\u00e9rie Philippin, artiste lyrique, autrice, compositrice et p\u00e9dagogue, directrice artistique de la Cie Territoires de la voix Form\u00e9e \u00e0 la danse, au th\u00e9\u00e2tre puis au&hellip;<\/p>\n","protected":false},"author":1,"featured_media":0,"parent":0,"menu_order":0,"comment_status":"closed","ping_status":"closed","template":"","meta":{"footnotes":""},"class_list":["post-4449","page","type-page","status-publish","hentry"],"yoast_head":"<!-- This site is optimized with the Yoast SEO plugin v27.5 - https:\/\/yoast.com\/product\/yoast-seo-wordpress\/ -->\n<title>Val\u00e9rie Philippin &#8226; Val\u00e9rie Philippin \/ Cie Territoires de la voix<\/title>\n<meta name=\"robots\" content=\"index, follow, max-snippet:-1, max-image-preview:large, max-video-preview:-1\" \/>\n<link rel=\"canonical\" href=\"https:\/\/www.valerie-philippin.com\/site\/valerie-philippin\/\" \/>\n<meta property=\"og:locale\" content=\"fr_FR\" \/>\n<meta property=\"og:type\" content=\"article\" \/>\n<meta property=\"og:title\" content=\"Val\u00e9rie Philippin &#8226; Val\u00e9rie Philippin \/ Cie Territoires de la voix\" \/>\n<meta property=\"og:description\" content=\"Val\u00e9rie Philippin, artiste lyrique, autrice, compositrice et p\u00e9dagogue, directrice artistique de la Cie Territoires de la voix Form\u00e9e \u00e0 la danse, au th\u00e9\u00e2tre puis au&hellip;\" \/>\n<meta property=\"og:url\" content=\"https:\/\/www.valerie-philippin.com\/site\/valerie-philippin\/\" \/>\n<meta property=\"og:site_name\" content=\"Val\u00e9rie Philippin \/ Cie Territoires de la voix\" \/>\n<meta property=\"article:modified_time\" content=\"2025-01-02T11:02:09+00:00\" \/>\n<meta property=\"og:image\" content=\"http:\/\/www.valerie-philippin.com\/site\/wp-content\/uploads\/portait-Valphi-1.jpg\" \/>\n<meta name=\"twitter:card\" content=\"summary_large_image\" \/>\n<meta name=\"twitter:label1\" content=\"Dur\u00e9e de lecture estim\u00e9e\" \/>\n\t<meta name=\"twitter:data1\" content=\"5 minutes\" \/>\n<script type=\"application\/ld+json\" class=\"yoast-schema-graph\">{\"@context\":\"https:\\\/\\\/schema.org\",\"@graph\":[{\"@type\":\"WebPage\",\"@id\":\"https:\\\/\\\/www.valerie-philippin.com\\\/site\\\/valerie-philippin\\\/\",\"url\":\"https:\\\/\\\/www.valerie-philippin.com\\\/site\\\/valerie-philippin\\\/\",\"name\":\"Val\u00e9rie Philippin &#8226; Val\u00e9rie Philippin \\\/ Cie Territoires de la voix\",\"isPartOf\":{\"@id\":\"https:\\\/\\\/www.valerie-philippin.com\\\/site\\\/#website\"},\"primaryImageOfPage\":{\"@id\":\"https:\\\/\\\/www.valerie-philippin.com\\\/site\\\/valerie-philippin\\\/#primaryimage\"},\"image\":{\"@id\":\"https:\\\/\\\/www.valerie-philippin.com\\\/site\\\/valerie-philippin\\\/#primaryimage\"},\"thumbnailUrl\":\"http:\\\/\\\/www.valerie-philippin.com\\\/site\\\/wp-content\\\/uploads\\\/portait-Valphi-1.jpg\",\"datePublished\":\"2024-01-04T12:38:40+00:00\",\"dateModified\":\"2025-01-02T11:02:09+00:00\",\"breadcrumb\":{\"@id\":\"https:\\\/\\\/www.valerie-philippin.com\\\/site\\\/valerie-philippin\\\/#breadcrumb\"},\"inLanguage\":\"fr-FR\",\"potentialAction\":[{\"@type\":\"ReadAction\",\"target\":[\"https:\\\/\\\/www.valerie-philippin.com\\\/site\\\/valerie-philippin\\\/\"]}]},{\"@type\":\"ImageObject\",\"inLanguage\":\"fr-FR\",\"@id\":\"https:\\\/\\\/www.valerie-philippin.com\\\/site\\\/valerie-philippin\\\/#primaryimage\",\"url\":\"https:\\\/\\\/www.valerie-philippin.com\\\/site\\\/wp-content\\\/uploads\\\/portait-Valphi-1.jpg\",\"contentUrl\":\"https:\\\/\\\/www.valerie-philippin.com\\\/site\\\/wp-content\\\/uploads\\\/portait-Valphi-1.jpg\",\"width\":400,\"height\":515},{\"@type\":\"BreadcrumbList\",\"@id\":\"https:\\\/\\\/www.valerie-philippin.com\\\/site\\\/valerie-philippin\\\/#breadcrumb\",\"itemListElement\":[{\"@type\":\"ListItem\",\"position\":1,\"name\":\"Accueil\",\"item\":\"https:\\\/\\\/www.valerie-philippin.com\\\/site\\\/\"},{\"@type\":\"ListItem\",\"position\":2,\"name\":\"Val\u00e9rie Philippin\"}]},{\"@type\":\"WebSite\",\"@id\":\"https:\\\/\\\/www.valerie-philippin.com\\\/site\\\/#website\",\"url\":\"https:\\\/\\\/www.valerie-philippin.com\\\/site\\\/\",\"name\":\"Val\u00e9rie Philippin \\\/ Cie Territoires de la voix\",\"description\":\"FaBLab de cr\u00e9ation vocale contemporaine\",\"publisher\":{\"@id\":\"https:\\\/\\\/www.valerie-philippin.com\\\/site\\\/#organization\"},\"potentialAction\":[{\"@type\":\"SearchAction\",\"target\":{\"@type\":\"EntryPoint\",\"urlTemplate\":\"https:\\\/\\\/www.valerie-philippin.com\\\/site\\\/?s={search_term_string}\"},\"query-input\":{\"@type\":\"PropertyValueSpecification\",\"valueRequired\":true,\"valueName\":\"search_term_string\"}}],\"inLanguage\":\"fr-FR\"},{\"@type\":\"Organization\",\"@id\":\"https:\\\/\\\/www.valerie-philippin.com\\\/site\\\/#organization\",\"name\":\"Territoires de la voix\",\"url\":\"https:\\\/\\\/www.valerie-philippin.com\\\/site\\\/\",\"logo\":{\"@type\":\"ImageObject\",\"inLanguage\":\"fr-FR\",\"@id\":\"https:\\\/\\\/www.valerie-philippin.com\\\/site\\\/#\\\/schema\\\/logo\\\/image\\\/\",\"url\":\"http:\\\/\\\/www.valerie-philippin.com\\\/site\\\/wp-content\\\/uploads\\\/2020\\\/06\\\/logoterritoiresdelavoix.png\",\"contentUrl\":\"http:\\\/\\\/www.valerie-philippin.com\\\/site\\\/wp-content\\\/uploads\\\/2020\\\/06\\\/logoterritoiresdelavoix.png\",\"width\":500,\"height\":537,\"caption\":\"Territoires de la voix\"},\"image\":{\"@id\":\"https:\\\/\\\/www.valerie-philippin.com\\\/site\\\/#\\\/schema\\\/logo\\\/image\\\/\"}}]}<\/script>\n<!-- \/ Yoast SEO plugin. -->","yoast_head_json":{"title":"Val\u00e9rie Philippin &#8226; Val\u00e9rie Philippin \/ Cie Territoires de la voix","robots":{"index":"index","follow":"follow","max-snippet":"max-snippet:-1","max-image-preview":"max-image-preview:large","max-video-preview":"max-video-preview:-1"},"canonical":"https:\/\/www.valerie-philippin.com\/site\/valerie-philippin\/","og_locale":"fr_FR","og_type":"article","og_title":"Val\u00e9rie Philippin &#8226; Val\u00e9rie Philippin \/ Cie Territoires de la voix","og_description":"Val\u00e9rie Philippin, artiste lyrique, autrice, compositrice et p\u00e9dagogue, directrice artistique de la Cie Territoires de la voix Form\u00e9e \u00e0 la danse, au th\u00e9\u00e2tre puis au&hellip;","og_url":"https:\/\/www.valerie-philippin.com\/site\/valerie-philippin\/","og_site_name":"Val\u00e9rie Philippin \/ Cie Territoires de la voix","article_modified_time":"2025-01-02T11:02:09+00:00","og_image":[{"url":"http:\/\/www.valerie-philippin.com\/site\/wp-content\/uploads\/portait-Valphi-1.jpg","type":"","width":"","height":""}],"twitter_card":"summary_large_image","twitter_misc":{"Dur\u00e9e de lecture estim\u00e9e":"5 minutes"},"schema":{"@context":"https:\/\/schema.org","@graph":[{"@type":"WebPage","@id":"https:\/\/www.valerie-philippin.com\/site\/valerie-philippin\/","url":"https:\/\/www.valerie-philippin.com\/site\/valerie-philippin\/","name":"Val\u00e9rie Philippin &#8226; Val\u00e9rie Philippin \/ Cie Territoires de la voix","isPartOf":{"@id":"https:\/\/www.valerie-philippin.com\/site\/#website"},"primaryImageOfPage":{"@id":"https:\/\/www.valerie-philippin.com\/site\/valerie-philippin\/#primaryimage"},"image":{"@id":"https:\/\/www.valerie-philippin.com\/site\/valerie-philippin\/#primaryimage"},"thumbnailUrl":"http:\/\/www.valerie-philippin.com\/site\/wp-content\/uploads\/portait-Valphi-1.jpg","datePublished":"2024-01-04T12:38:40+00:00","dateModified":"2025-01-02T11:02:09+00:00","breadcrumb":{"@id":"https:\/\/www.valerie-philippin.com\/site\/valerie-philippin\/#breadcrumb"},"inLanguage":"fr-FR","potentialAction":[{"@type":"ReadAction","target":["https:\/\/www.valerie-philippin.com\/site\/valerie-philippin\/"]}]},{"@type":"ImageObject","inLanguage":"fr-FR","@id":"https:\/\/www.valerie-philippin.com\/site\/valerie-philippin\/#primaryimage","url":"https:\/\/www.valerie-philippin.com\/site\/wp-content\/uploads\/portait-Valphi-1.jpg","contentUrl":"https:\/\/www.valerie-philippin.com\/site\/wp-content\/uploads\/portait-Valphi-1.jpg","width":400,"height":515},{"@type":"BreadcrumbList","@id":"https:\/\/www.valerie-philippin.com\/site\/valerie-philippin\/#breadcrumb","itemListElement":[{"@type":"ListItem","position":1,"name":"Accueil","item":"https:\/\/www.valerie-philippin.com\/site\/"},{"@type":"ListItem","position":2,"name":"Val\u00e9rie Philippin"}]},{"@type":"WebSite","@id":"https:\/\/www.valerie-philippin.com\/site\/#website","url":"https:\/\/www.valerie-philippin.com\/site\/","name":"Val\u00e9rie Philippin \/ Cie Territoires de la voix","description":"FaBLab de cr\u00e9ation vocale contemporaine","publisher":{"@id":"https:\/\/www.valerie-philippin.com\/site\/#organization"},"potentialAction":[{"@type":"SearchAction","target":{"@type":"EntryPoint","urlTemplate":"https:\/\/www.valerie-philippin.com\/site\/?s={search_term_string}"},"query-input":{"@type":"PropertyValueSpecification","valueRequired":true,"valueName":"search_term_string"}}],"inLanguage":"fr-FR"},{"@type":"Organization","@id":"https:\/\/www.valerie-philippin.com\/site\/#organization","name":"Territoires de la voix","url":"https:\/\/www.valerie-philippin.com\/site\/","logo":{"@type":"ImageObject","inLanguage":"fr-FR","@id":"https:\/\/www.valerie-philippin.com\/site\/#\/schema\/logo\/image\/","url":"http:\/\/www.valerie-philippin.com\/site\/wp-content\/uploads\/2020\/06\/logoterritoiresdelavoix.png","contentUrl":"http:\/\/www.valerie-philippin.com\/site\/wp-content\/uploads\/2020\/06\/logoterritoiresdelavoix.png","width":500,"height":537,"caption":"Territoires de la voix"},"image":{"@id":"https:\/\/www.valerie-philippin.com\/site\/#\/schema\/logo\/image\/"}}]}},"_links":{"self":[{"href":"https:\/\/www.valerie-philippin.com\/site\/wp-json\/wp\/v2\/pages\/4449","targetHints":{"allow":["GET"]}}],"collection":[{"href":"https:\/\/www.valerie-philippin.com\/site\/wp-json\/wp\/v2\/pages"}],"about":[{"href":"https:\/\/www.valerie-philippin.com\/site\/wp-json\/wp\/v2\/types\/page"}],"author":[{"embeddable":true,"href":"https:\/\/www.valerie-philippin.com\/site\/wp-json\/wp\/v2\/users\/1"}],"replies":[{"embeddable":true,"href":"https:\/\/www.valerie-philippin.com\/site\/wp-json\/wp\/v2\/comments?post=4449"}],"version-history":[{"count":14,"href":"https:\/\/www.valerie-philippin.com\/site\/wp-json\/wp\/v2\/pages\/4449\/revisions"}],"predecessor-version":[{"id":5775,"href":"https:\/\/www.valerie-philippin.com\/site\/wp-json\/wp\/v2\/pages\/4449\/revisions\/5775"}],"wp:attachment":[{"href":"https:\/\/www.valerie-philippin.com\/site\/wp-json\/wp\/v2\/media?parent=4449"}],"curies":[{"name":"wp","href":"https:\/\/api.w.org\/{rel}","templated":true}]}}