{"id":43,"date":"2020-03-31T17:30:21","date_gmt":"2020-03-31T15:30:21","guid":{"rendered":"http:\/\/www.valerie-philippin.com\/valwp\/?page_id=43"},"modified":"2026-03-12T20:25:31","modified_gmt":"2026-03-12T19:25:31","slug":"territoires-de-la-voix","status":"publish","type":"page","link":"https:\/\/www.valerie-philippin.com\/site\/","title":{"rendered":"\u00c0 PROPOS \/ ACTUALIT\u00c9"},"content":{"rendered":"\n\n\n<div class=\"wp-block-columns is-layout-flex wp-container-core-columns-is-layout-9d6595d7 wp-block-columns-is-layout-flex\">\n<div class=\"wp-block-column is-layout-flow wp-block-column-is-layout-flow\">\n<p>Fond\u00e9e et dirig\u00e9e par Val\u00e9rie Philippin, chanteuse lyrique, compositrice, autrice et improvisatrice, la Cie&nbsp;Territoires de la Voix bas\u00e9e \u00e0 Bordeaux a b\u00e9n\u00e9fici\u00e9 depuis sa cr\u00e9ation en 2019 de nombreux soutiens pour ses projets, de la R\u00e9gion et de la Drac Nouvelle-Aquitaine, du D\u00e9partement de la Gironde, de la Ville de Bordeaux, de la Sacem, et a b\u00e9n\u00e9fici\u00e9 en 2021 d\u2019un accompagnement de l\u2019A-Agence culturelle de la r\u00e9gion Nouvelle-Aquitaine pour sa structuration.<br><br><strong>La Cie TERRITOIRES DE LA VOIX<\/strong><br><strong>&gt;<\/strong> d\u00e9fend aupr\u00e8s d\u2019un large public la cr\u00e9ation contemporaine alliant <strong>po\u00e9sie et musique<\/strong> en lien avec les autres arts<br><strong>&gt; <\/strong>impulse <strong>la cr\u00e9ation de nouvelles \u0153uvres<\/strong> <br><strong>&gt;<\/strong> va \u00e0 la rencontre du public et affirme la port\u00e9e facilitante d\u2019une pratique de la musique contemporaine et de la <strong>cr\u00e9ation de nouveaux langages pour des publics diversifi\u00e9s<\/strong>, <strong>initi\u00e9s ou non<\/strong><br><strong>&gt; impulse des partenariats <\/strong>sur le territoire Bordelais, girondin et aquitain comme<strong> <\/strong>au niveau national et international<\/p>\n\n\n\n<p><strong>Charg\u00e9e de production \/ administration<\/strong><br>Val\u00e9rie Lef\u00e8bvre<br><br><strong>Bureau de la Cie Territoires de la voix<\/strong><br>Agn\u00e8s Puissilieux, pr\u00e9sidente<br>\u00c9tienne Germe, tr\u00e9sorier<br>Sophie Gerber, secr\u00e9taire<\/p>\n\n\n\n<p><em>\n\t\t\t<form id=\"sib_signup_form_2\" method=\"post\" class=\"sib_signup_form\">\n\t\t\t\t<div class=\"sib_loader\" style=\"display:none;\"><img\n\t\t\t\t\t\t\tsrc=\"https:\/\/www.valerie-philippin.com\/site\/wp-includes\/images\/spinner.gif\" alt=\"loader\"><\/div>\n\t\t\t\t<input type=\"hidden\" name=\"sib_form_action\" value=\"subscribe_form_submit\">\n\t\t\t\t<input type=\"hidden\" name=\"sib_form_id\" value=\"2\">\n                <input type=\"hidden\" name=\"sib_form_alert_notice\" value=\"Remplissez ce champ s\u2019il vous pla\u00eet\">\n                <input type=\"hidden\" name=\"sib_form_invalid_email_notice\" value=\"Cette adresse email n&#039;est pas valide\">\n                <input type=\"hidden\" name=\"sib_security\" value=\"2e88c8ad93\">\n\t\t\t\t<div class=\"sib_signup_box_inside_2\">\n\t\t\t\t\t<div style=\"\/*display:none*\/\" class=\"sib_msg_disp\">\n\t\t\t\t\t<\/div>\n                    \t\t\t\t\t<p class=\"sib-email-area\">\r\n    Adresse email*\r\n    <input type=\"email\" class=\"sib-email-area\" name=\"email\" required=\"required\">\r\n<\/p>\r\n<p>\r\n    <input type=\"submit\" class=\"sib-default-btn\" value=\"Je m'abonne \u00e0 la newsletter\">\r\n<\/p>\r\n\r\n<p><small><i>Votre adresse ne sera utilis\u00e9e que pour recevoir des nouvelles de activit\u00e9s de Val\u00e9rie Philippin \/ Cie Territoires de la voix. Vous pourrez toujours vous d\u00e9sabonner en utilisant le lien qui figure dans la newsletter. <\/i><\/small><\/p>\r\n\t\t\t\t<\/div>\n\t\t\t<\/form>\n\t\t\t<style>\n\t\t\t\tform#sib_signup_form_2 p.sib-alert-message {\n    padding: 6px 12px;\n    margin-bottom: 20px;\n    border: 1px solid transparent;\n    border-radius: 4px;\n    -webkit-box-sizing: border-box;\n    -moz-box-sizing: border-box;\n    box-sizing: border-box;\n}\nform#sib_signup_form_2 p.sib-alert-message-error {\n    background-color: #f2dede;\n    border-color: #ebccd1;\n    color: #a94442;\n}\nform#sib_signup_form_2 p.sib-alert-message-success {\n    background-color: #dff0d8;\n    border-color: #d6e9c6;\n    color: #3c763d;\n}\nform#sib_signup_form_2 p.sib-alert-message-warning {\n    background-color: #fcf8e3;\n    border-color: #faebcc;\n    color: #8a6d3b;\n}\n\t\t\t<\/style>\n\t\t\t<\/em><\/p>\n<\/div>\n\n\n\n<div class=\"wp-block-column is-layout-flow wp-block-column-is-layout-flow\">\n<p class=\"has-luminous-vivid-amber-color has-text-color\" style=\"font-size:29px\"><strong><sub>ACTUALIT\u00c9<\/sub><\/strong><\/p>\n\n\n\n<figure class=\"wp-block-image size-large is-resized\"><img loading=\"lazy\" decoding=\"async\" width=\"1024\" height=\"768\" src=\"https:\/\/www.valerie-philippin.com\/site\/wp-content\/uploads\/IMG_3085-1024x768.jpeg\" alt=\"\" class=\"wp-image-6520\" style=\"width:342px;height:auto\" srcset=\"https:\/\/www.valerie-philippin.com\/site\/wp-content\/uploads\/IMG_3085-1024x768.jpeg 1024w, https:\/\/www.valerie-philippin.com\/site\/wp-content\/uploads\/IMG_3085-500x375.jpeg 500w, https:\/\/www.valerie-philippin.com\/site\/wp-content\/uploads\/IMG_3085-768x576.jpeg 768w, https:\/\/www.valerie-philippin.com\/site\/wp-content\/uploads\/IMG_3085-1536x1152.jpeg 1536w, https:\/\/www.valerie-philippin.com\/site\/wp-content\/uploads\/IMG_3085-2048x1536.jpeg 2048w\" sizes=\"auto, (max-width: 1024px) 100vw, 1024px\" \/><\/figure>\n\n\n\n<p><strong>28 f\u00e9vrier 2026 \u00e0 17h<\/strong><br><strong><em>Luciano Berio et la voix<\/em> <em>: exp\u00e9rimentations, po\u00e9sies, interpr\u00e9tation<\/em> <\/strong>paru aux \u00e9ditions Hermann pour le centenaire de la naissance du compositeur en 2025. Une pr\u00e9sentation de l&rsquo;ouvrage par Pierre Michel et Val\u00e9rie Philippin, illustr\u00e9e par deux \u0153uvres-phares du compositeur : la <em>Sequenza III <\/em>pour voix seule et les <em>Quattro canzoni populari <\/em>interpr\u00e9t\u00e9s par Val\u00e9rie Philippin, accompagn\u00e9e par le pianiste Denis Poras.<br>La Machine \u00e0 Musique &#8211; Bordeaux <br><\/p>\n\n\n\n<figure class=\"wp-block-image size-large is-resized\"><img loading=\"lazy\" decoding=\"async\" width=\"1024\" height=\"716\" src=\"http:\/\/www.valerie-philippin.com\/site\/wp-content\/uploads\/Valerie-Christine-et-Claudia-2025-copie-1024x716.jpg\" alt=\"\" class=\"wp-image-6493\" style=\"aspect-ratio:1.4302069572875384;width:352px;height:auto\" srcset=\"https:\/\/www.valerie-philippin.com\/site\/wp-content\/uploads\/Valerie-Christine-et-Claudia-2025-copie-1024x716.jpg 1024w, https:\/\/www.valerie-philippin.com\/site\/wp-content\/uploads\/Valerie-Christine-et-Claudia-2025-copie-500x349.jpg 500w, https:\/\/www.valerie-philippin.com\/site\/wp-content\/uploads\/Valerie-Christine-et-Claudia-2025-copie-768x537.jpg 768w, https:\/\/www.valerie-philippin.com\/site\/wp-content\/uploads\/Valerie-Christine-et-Claudia-2025-copie-1536x1074.jpg 1536w, https:\/\/www.valerie-philippin.com\/site\/wp-content\/uploads\/Valerie-Christine-et-Claudia-2025-copie-2048x1431.jpg 2048w\" sizes=\"auto, (max-width: 1024px) 100vw, 1024px\" \/><\/figure>\n\n\n\n<p><strong>DU SON AU MOT &#8211; Stage de formation pro \u00e0 l&rsquo;improvisation<\/strong><br><strong>24 au 28 ao\u00fbt 2026<br><\/strong>au TNBA &#8211; Th\u00e9\u00e2tre National de Bordeaux Aquitaine<br>Avec Val\u00e9rie Philippin, Claudia Solal et Christine Bertocchi<br>De la po\u00e9sie sonore au th\u00e9\u00e2tre musical, du travail sur les textures vocales \u00e0 la composition instantan\u00e9e, du langage imaginaire \u00e0 la fabrication de formes chant\u00e9es&#8230;<br>Renseignements et inscription :<br><a href=\"https:\/\/www.uninstantalautre.com\/fr\/du-son-au-mot-2?date=0\">https:\/\/www.uninstantalautre.com\/fr\/du-son-au-mot-2?date=0<\/a><br><\/p>\n\n\n\n<figure class=\"wp-block-image size-full is-resized\"><img loading=\"lazy\" decoding=\"async\" width=\"852\" height=\"316\" src=\"https:\/\/www.valerie-philippin.com\/site\/wp-content\/uploads\/ARCO-2026-BANNIERE-1.png\" alt=\"\" class=\"wp-image-6461\" style=\"aspect-ratio:2.696343402225755;width:347px;height:auto\" srcset=\"https:\/\/www.valerie-philippin.com\/site\/wp-content\/uploads\/ARCO-2026-BANNIERE-1.png 852w, https:\/\/www.valerie-philippin.com\/site\/wp-content\/uploads\/ARCO-2026-BANNIERE-1-500x185.png 500w, https:\/\/www.valerie-philippin.com\/site\/wp-content\/uploads\/ARCO-2026-BANNIERE-1-768x285.png 768w\" sizes=\"auto, (max-width: 852px) 100vw, 852px\" \/><\/figure>\n\n\n\n<p><strong>ACAD\u00c9MIE<\/strong> <strong>ARCo<\/strong>&nbsp;\u2013&nbsp;<strong>Art, Research and Creation opus 2026<\/strong><br><strong>1<sup>er<\/sup>-12 juillet 2026<\/strong><br>APPEL \u00c0 CANDIDATURES<br>La 7e \u00e9dition de cette acad\u00e9mie europ\u00e9enne d\u00e9di\u00e9e \u00e0 la cr\u00e9ation musicale est le fruit de l&rsquo;association entre la Mozarteum Universit\u00e4t Salzburg, le Centre de Cr\u00e9ation Musicale Gmem-Marseille et les ensembles Multilat\u00e9rale, Les M\u00e9taboles (France) et ARCo Ensemble (Autriche) qui y seront en r\u00e9sidence. Elle se d\u00e9roulera \u00e0 la Mozarteum Universit\u00e4t. Val\u00e9rie Philippin y sera \u00e0 nouveau l&rsquo;une des formatrices pour 6 chanteurs et chanteuses.<br>Candidatures closes.<br>https:\/\/arco-academy.eu\/<\/p>\n\n\n\n<figure class=\"wp-block-image size-large is-resized\"><img loading=\"lazy\" decoding=\"async\" width=\"1024\" height=\"544\" src=\"https:\/\/www.valerie-philippin.com\/site\/wp-content\/uploads\/Workshop-Valerie-Philippin-08-copie-1-1024x544.jpg\" alt=\"\" class=\"wp-image-6418\" style=\"width:356px;height:auto\" srcset=\"https:\/\/www.valerie-philippin.com\/site\/wp-content\/uploads\/Workshop-Valerie-Philippin-08-copie-1-1024x544.jpg 1024w, https:\/\/www.valerie-philippin.com\/site\/wp-content\/uploads\/Workshop-Valerie-Philippin-08-copie-1-500x266.jpg 500w, https:\/\/www.valerie-philippin.com\/site\/wp-content\/uploads\/Workshop-Valerie-Philippin-08-copie-1-768x408.jpg 768w, https:\/\/www.valerie-philippin.com\/site\/wp-content\/uploads\/Workshop-Valerie-Philippin-08-copie-1.jpg 1450w\" sizes=\"auto, (max-width: 1024px) 100vw, 1024px\" \/><\/figure>\n\n\n\n<p><strong>DES VOIX SUR UN PLATEAU<\/strong><br>Soutenu par le Minist\u00e8re de la culture, ce projet de recherche th\u00e9orique et pratique sur la place de la voix dans les processus de cr\u00e9ation et d\u2019interpr\u00e9tation de la sc\u00e8ne th\u00e9\u00e2trale sera men\u00e9 par Val\u00e9rie Philippin et les \u00e9l\u00e8ves de l\u2019\u00e9cole de th\u00e9\u00e2tre du Th\u00e9\u00e2tre National Bordeaux Aquitaine de septembre 2025 \u00e0 septembre 2027. Val\u00e9rie Philippin publiera un essai retra\u00e7ant les \u00e9tapes de la recherche, et une restitution publique aura lieu au TNBA en d\u00e9but de saison 2027-28<br>https:\/\/www.valerie-philippin.com\/site\/des-voix-sur-un-plateau\/<\/p>\n\n\n\n<figure class=\"wp-block-image size-large is-resized\"><img loading=\"lazy\" decoding=\"async\" width=\"1024\" height=\"576\" src=\"https:\/\/www.valerie-philippin.com\/site\/wp-content\/uploads\/bleu_du_ciel_2024_1-1024x576.jpg\" alt=\"\" class=\"wp-image-6361\" style=\"width:362px;height:auto\" srcset=\"https:\/\/www.valerie-philippin.com\/site\/wp-content\/uploads\/bleu_du_ciel_2024_1-1024x576.jpg 1024w, https:\/\/www.valerie-philippin.com\/site\/wp-content\/uploads\/bleu_du_ciel_2024_1-500x281.jpg 500w, https:\/\/www.valerie-philippin.com\/site\/wp-content\/uploads\/bleu_du_ciel_2024_1-768x432.jpg 768w, https:\/\/www.valerie-philippin.com\/site\/wp-content\/uploads\/bleu_du_ciel_2024_1-1536x864.jpg 1536w, https:\/\/www.valerie-philippin.com\/site\/wp-content\/uploads\/bleu_du_ciel_2024_1.jpg 1920w\" sizes=\"auto, (max-width: 1024px) 100vw, 1024px\" \/><\/figure>\n\n\n\n<p><strong>FESTIVAL MULITIPISTE<\/strong><br>Cette ann\u00e9e encore, Val\u00e9rie Philippin est l&rsquo;invit\u00e9e du <strong>Festival Multipiste<\/strong> &#8211; textes musique exp\u00e9riences &#8211; lors de la journ\u00e9e professionnelle \u00ab\u00a0Musique et litt\u00e9rature, une euphonie\u00a0\u00bb. <br>Jeudi 16 octobre 2025 \u00e0 partir de 9h30 <br>La M\u00c9CA (auditorium d&rsquo;ALCA) &#8211; Bordeaux<br>Plus d&rsquo;informations : <br><a href=\"https:\/\/alca-nouvelle-aquitaine.fr\/fr\/agenda\/festival-multipiste-2025-journee-pro-musique-et-litterature-une-euphonie\">https:\/\/alca-nouvelle-aquitaine.fr\/fr\/agenda\/festival-multipiste-2025-journee-pro-musique-et-litterature-une-euphonie<\/a><\/p>\n\n\n\n<figure class=\"wp-block-image size-full is-resized\"><img loading=\"lazy\" decoding=\"async\" width=\"720\" height=\"430\" src=\"http:\/\/www.valerie-philippin.com\/site\/wp-content\/uploads\/IRCAM_atelier_voix_photographe_quentin_chevrier_juin2021-4-e1756980769928.jpg\" alt=\"\" class=\"wp-image-5800\" style=\"aspect-ratio:1.6744901885340515;width:373px;height:auto\" srcset=\"https:\/\/www.valerie-philippin.com\/site\/wp-content\/uploads\/IRCAM_atelier_voix_photographe_quentin_chevrier_juin2021-4-e1756980769928.jpg 720w, https:\/\/www.valerie-philippin.com\/site\/wp-content\/uploads\/IRCAM_atelier_voix_photographe_quentin_chevrier_juin2021-4-e1756980769928-500x299.jpg 500w\" sizes=\"auto, (max-width: 720px) 100vw, 720px\" \/><\/figure>\n\n\n\n<p><strong>FORMATION PROFESSIONNELLE INDIVIDUALIS\u00c9EE<\/strong><br>En partenariat avec la Cie D&rsquo;un Instant \u00e0 l&rsquo;Autre, Val\u00e9rie Philippin propose des formations destin\u00e9es aux professionnel\u2022le\u2022s de la musique et du spectacle vivant qui cherchent \u00e0 d\u00e9velopper leurs capacit\u00e9s, acqu\u00e9rir de nouvelles comp\u00e9tences et rencontrer des d\u00e9marches artistiques et p\u00e9dagogiques singuli\u00e8res.<br>Formation prises en charge par les organismes de formation professionnelle.<br>en savoir plus :<br><a href=\"https:\/\/www.valerie-philippin.com\/site\/formation-pro-individuelle\/\">https:\/\/www.valerie-philippin.com\/site\/formation-pro-individuelle\/<\/a><\/p>\n\n\n\n<p><br><\/p>\n\n\n\n<p><br><\/p>\n<\/div>\n<\/div>\n\n\n\n<p><\/p>\n","protected":false},"excerpt":{"rendered":"<p>Fond\u00e9e et dirig\u00e9e par Val\u00e9rie Philippin, chanteuse lyrique, compositrice, autrice et improvisatrice, la Cie&nbsp;Territoires de la Voix bas\u00e9e \u00e0 Bordeaux a b\u00e9n\u00e9fici\u00e9 depuis sa cr\u00e9ation&hellip;<\/p>\n","protected":false},"author":1,"featured_media":0,"parent":0,"menu_order":0,"comment_status":"closed","ping_status":"closed","template":"","meta":{"footnotes":""},"class_list":["post-43","page","type-page","status-publish","hentry"],"yoast_head":"<!-- This site is optimized with the Yoast SEO plugin v27.3 - https:\/\/yoast.com\/product\/yoast-seo-wordpress\/ -->\n<title>\u00c0 PROPOS \/ ACTUALIT\u00c9 &#8226; Val\u00e9rie Philippin \/ Cie Territoires de la voix<\/title>\n<meta name=\"robots\" content=\"index, follow, max-snippet:-1, max-image-preview:large, max-video-preview:-1\" \/>\n<link rel=\"canonical\" href=\"https:\/\/www.valerie-philippin.com\/site\/\" \/>\n<meta property=\"og:locale\" content=\"fr_FR\" \/>\n<meta property=\"og:type\" content=\"article\" \/>\n<meta property=\"og:title\" content=\"\u00c0 PROPOS \/ ACTUALIT\u00c9 &#8226; Val\u00e9rie Philippin \/ Cie Territoires de la voix\" \/>\n<meta property=\"og:description\" content=\"Fond\u00e9e et dirig\u00e9e par Val\u00e9rie Philippin, chanteuse lyrique, compositrice, autrice et improvisatrice, la Cie&nbsp;Territoires de la Voix bas\u00e9e \u00e0 Bordeaux a b\u00e9n\u00e9fici\u00e9 depuis sa cr\u00e9ation&hellip;\" \/>\n<meta property=\"og:url\" content=\"https:\/\/www.valerie-philippin.com\/site\/\" \/>\n<meta property=\"og:site_name\" content=\"Val\u00e9rie Philippin \/ Cie Territoires de la voix\" \/>\n<meta property=\"article:modified_time\" content=\"2026-03-12T19:25:31+00:00\" \/>\n<meta property=\"og:image\" content=\"https:\/\/www.valerie-philippin.com\/site\/wp-content\/uploads\/IMG_3085-1024x768.jpeg\" \/>\n<meta name=\"twitter:card\" content=\"summary_large_image\" \/>\n<meta name=\"twitter:label1\" content=\"Dur\u00e9e de lecture estim\u00e9e\" \/>\n\t<meta name=\"twitter:data1\" content=\"5 minutes\" \/>\n<script type=\"application\/ld+json\" class=\"yoast-schema-graph\">{\"@context\":\"https:\\\/\\\/schema.org\",\"@graph\":[{\"@type\":\"WebPage\",\"@id\":\"https:\\\/\\\/www.valerie-philippin.com\\\/site\\\/\",\"url\":\"https:\\\/\\\/www.valerie-philippin.com\\\/site\\\/\",\"name\":\"\u00c0 PROPOS \\\/ ACTUALIT\u00c9 &#8226; Val\u00e9rie Philippin \\\/ Cie Territoires de la voix\",\"isPartOf\":{\"@id\":\"https:\\\/\\\/www.valerie-philippin.com\\\/site\\\/#website\"},\"primaryImageOfPage\":{\"@id\":\"https:\\\/\\\/www.valerie-philippin.com\\\/site\\\/#primaryimage\"},\"image\":{\"@id\":\"https:\\\/\\\/www.valerie-philippin.com\\\/site\\\/#primaryimage\"},\"thumbnailUrl\":\"https:\\\/\\\/www.valerie-philippin.com\\\/site\\\/wp-content\\\/uploads\\\/IMG_3085-1024x768.jpeg\",\"datePublished\":\"2020-03-31T15:30:21+00:00\",\"dateModified\":\"2026-03-12T19:25:31+00:00\",\"breadcrumb\":{\"@id\":\"https:\\\/\\\/www.valerie-philippin.com\\\/site\\\/#breadcrumb\"},\"inLanguage\":\"fr-FR\",\"potentialAction\":[{\"@type\":\"ReadAction\",\"target\":[\"https:\\\/\\\/www.valerie-philippin.com\\\/site\\\/\"]}]},{\"@type\":\"ImageObject\",\"inLanguage\":\"fr-FR\",\"@id\":\"https:\\\/\\\/www.valerie-philippin.com\\\/site\\\/#primaryimage\",\"url\":\"https:\\\/\\\/www.valerie-philippin.com\\\/site\\\/wp-content\\\/uploads\\\/IMG_3085-scaled.jpeg\",\"contentUrl\":\"https:\\\/\\\/www.valerie-philippin.com\\\/site\\\/wp-content\\\/uploads\\\/IMG_3085-scaled.jpeg\",\"width\":2560,\"height\":1920},{\"@type\":\"BreadcrumbList\",\"@id\":\"https:\\\/\\\/www.valerie-philippin.com\\\/site\\\/#breadcrumb\",\"itemListElement\":[{\"@type\":\"ListItem\",\"position\":1,\"name\":\"Accueil\",\"item\":\"https:\\\/\\\/www.valerie-philippin.com\\\/site\\\/\"},{\"@type\":\"ListItem\",\"position\":2,\"name\":\"\u00c0 PROPOS \\\/ ACTUALIT\u00c9\"}]},{\"@type\":\"WebSite\",\"@id\":\"https:\\\/\\\/www.valerie-philippin.com\\\/site\\\/#website\",\"url\":\"https:\\\/\\\/www.valerie-philippin.com\\\/site\\\/\",\"name\":\"Val\u00e9rie Philippin \\\/ Cie Territoires de la voix\",\"description\":\"FaBLab de cr\u00e9ation vocale contemporaine\",\"publisher\":{\"@id\":\"https:\\\/\\\/www.valerie-philippin.com\\\/site\\\/#organization\"},\"potentialAction\":[{\"@type\":\"SearchAction\",\"target\":{\"@type\":\"EntryPoint\",\"urlTemplate\":\"https:\\\/\\\/www.valerie-philippin.com\\\/site\\\/?s={search_term_string}\"},\"query-input\":{\"@type\":\"PropertyValueSpecification\",\"valueRequired\":true,\"valueName\":\"search_term_string\"}}],\"inLanguage\":\"fr-FR\"},{\"@type\":\"Organization\",\"@id\":\"https:\\\/\\\/www.valerie-philippin.com\\\/site\\\/#organization\",\"name\":\"Territoires de la voix\",\"url\":\"https:\\\/\\\/www.valerie-philippin.com\\\/site\\\/\",\"logo\":{\"@type\":\"ImageObject\",\"inLanguage\":\"fr-FR\",\"@id\":\"https:\\\/\\\/www.valerie-philippin.com\\\/site\\\/#\\\/schema\\\/logo\\\/image\\\/\",\"url\":\"http:\\\/\\\/www.valerie-philippin.com\\\/site\\\/wp-content\\\/uploads\\\/2020\\\/06\\\/logoterritoiresdelavoix.png\",\"contentUrl\":\"http:\\\/\\\/www.valerie-philippin.com\\\/site\\\/wp-content\\\/uploads\\\/2020\\\/06\\\/logoterritoiresdelavoix.png\",\"width\":500,\"height\":537,\"caption\":\"Territoires de la voix\"},\"image\":{\"@id\":\"https:\\\/\\\/www.valerie-philippin.com\\\/site\\\/#\\\/schema\\\/logo\\\/image\\\/\"}}]}<\/script>\n<!-- \/ Yoast SEO plugin. -->","yoast_head_json":{"title":"\u00c0 PROPOS \/ ACTUALIT\u00c9 &#8226; Val\u00e9rie Philippin \/ Cie Territoires de la voix","robots":{"index":"index","follow":"follow","max-snippet":"max-snippet:-1","max-image-preview":"max-image-preview:large","max-video-preview":"max-video-preview:-1"},"canonical":"https:\/\/www.valerie-philippin.com\/site\/","og_locale":"fr_FR","og_type":"article","og_title":"\u00c0 PROPOS \/ ACTUALIT\u00c9 &#8226; Val\u00e9rie Philippin \/ Cie Territoires de la voix","og_description":"Fond\u00e9e et dirig\u00e9e par Val\u00e9rie Philippin, chanteuse lyrique, compositrice, autrice et improvisatrice, la Cie&nbsp;Territoires de la Voix bas\u00e9e \u00e0 Bordeaux a b\u00e9n\u00e9fici\u00e9 depuis sa cr\u00e9ation&hellip;","og_url":"https:\/\/www.valerie-philippin.com\/site\/","og_site_name":"Val\u00e9rie Philippin \/ Cie Territoires de la voix","article_modified_time":"2026-03-12T19:25:31+00:00","og_image":[{"url":"https:\/\/www.valerie-philippin.com\/site\/wp-content\/uploads\/IMG_3085-1024x768.jpeg","type":"","width":"","height":""}],"twitter_card":"summary_large_image","twitter_misc":{"Dur\u00e9e de lecture estim\u00e9e":"5 minutes"},"schema":{"@context":"https:\/\/schema.org","@graph":[{"@type":"WebPage","@id":"https:\/\/www.valerie-philippin.com\/site\/","url":"https:\/\/www.valerie-philippin.com\/site\/","name":"\u00c0 PROPOS \/ ACTUALIT\u00c9 &#8226; Val\u00e9rie Philippin \/ Cie Territoires de la voix","isPartOf":{"@id":"https:\/\/www.valerie-philippin.com\/site\/#website"},"primaryImageOfPage":{"@id":"https:\/\/www.valerie-philippin.com\/site\/#primaryimage"},"image":{"@id":"https:\/\/www.valerie-philippin.com\/site\/#primaryimage"},"thumbnailUrl":"https:\/\/www.valerie-philippin.com\/site\/wp-content\/uploads\/IMG_3085-1024x768.jpeg","datePublished":"2020-03-31T15:30:21+00:00","dateModified":"2026-03-12T19:25:31+00:00","breadcrumb":{"@id":"https:\/\/www.valerie-philippin.com\/site\/#breadcrumb"},"inLanguage":"fr-FR","potentialAction":[{"@type":"ReadAction","target":["https:\/\/www.valerie-philippin.com\/site\/"]}]},{"@type":"ImageObject","inLanguage":"fr-FR","@id":"https:\/\/www.valerie-philippin.com\/site\/#primaryimage","url":"https:\/\/www.valerie-philippin.com\/site\/wp-content\/uploads\/IMG_3085-scaled.jpeg","contentUrl":"https:\/\/www.valerie-philippin.com\/site\/wp-content\/uploads\/IMG_3085-scaled.jpeg","width":2560,"height":1920},{"@type":"BreadcrumbList","@id":"https:\/\/www.valerie-philippin.com\/site\/#breadcrumb","itemListElement":[{"@type":"ListItem","position":1,"name":"Accueil","item":"https:\/\/www.valerie-philippin.com\/site\/"},{"@type":"ListItem","position":2,"name":"\u00c0 PROPOS \/ ACTUALIT\u00c9"}]},{"@type":"WebSite","@id":"https:\/\/www.valerie-philippin.com\/site\/#website","url":"https:\/\/www.valerie-philippin.com\/site\/","name":"Val\u00e9rie Philippin \/ Cie Territoires de la voix","description":"FaBLab de cr\u00e9ation vocale contemporaine","publisher":{"@id":"https:\/\/www.valerie-philippin.com\/site\/#organization"},"potentialAction":[{"@type":"SearchAction","target":{"@type":"EntryPoint","urlTemplate":"https:\/\/www.valerie-philippin.com\/site\/?s={search_term_string}"},"query-input":{"@type":"PropertyValueSpecification","valueRequired":true,"valueName":"search_term_string"}}],"inLanguage":"fr-FR"},{"@type":"Organization","@id":"https:\/\/www.valerie-philippin.com\/site\/#organization","name":"Territoires de la voix","url":"https:\/\/www.valerie-philippin.com\/site\/","logo":{"@type":"ImageObject","inLanguage":"fr-FR","@id":"https:\/\/www.valerie-philippin.com\/site\/#\/schema\/logo\/image\/","url":"http:\/\/www.valerie-philippin.com\/site\/wp-content\/uploads\/2020\/06\/logoterritoiresdelavoix.png","contentUrl":"http:\/\/www.valerie-philippin.com\/site\/wp-content\/uploads\/2020\/06\/logoterritoiresdelavoix.png","width":500,"height":537,"caption":"Territoires de la voix"},"image":{"@id":"https:\/\/www.valerie-philippin.com\/site\/#\/schema\/logo\/image\/"}}]}},"_links":{"self":[{"href":"https:\/\/www.valerie-philippin.com\/site\/wp-json\/wp\/v2\/pages\/43","targetHints":{"allow":["GET"]}}],"collection":[{"href":"https:\/\/www.valerie-philippin.com\/site\/wp-json\/wp\/v2\/pages"}],"about":[{"href":"https:\/\/www.valerie-philippin.com\/site\/wp-json\/wp\/v2\/types\/page"}],"author":[{"embeddable":true,"href":"https:\/\/www.valerie-philippin.com\/site\/wp-json\/wp\/v2\/users\/1"}],"replies":[{"embeddable":true,"href":"https:\/\/www.valerie-philippin.com\/site\/wp-json\/wp\/v2\/comments?post=43"}],"version-history":[{"count":511,"href":"https:\/\/www.valerie-philippin.com\/site\/wp-json\/wp\/v2\/pages\/43\/revisions"}],"predecessor-version":[{"id":6548,"href":"https:\/\/www.valerie-philippin.com\/site\/wp-json\/wp\/v2\/pages\/43\/revisions\/6548"}],"wp:attachment":[{"href":"https:\/\/www.valerie-philippin.com\/site\/wp-json\/wp\/v2\/media?parent=43"}],"curies":[{"name":"wp","href":"https:\/\/api.w.org\/{rel}","templated":true}]}}